 0*c**2 + 1/6*c**m. Determine h(5).
5
Let s be (4/12)/((-1)/(-12)). Let a(x) = x**3 - 4*x**2 + 5. Give a(s).
5
Let m(y) = 7*y. Let b be (-136)/(-32) - (-3)/4. Suppose 2 = b*h - 3. Calculate m(h).
7
Let h(j) = j**2 - 5*j. Let g(w) = -2*w**2 + 8*w - 6. Let r(t) = -1. Let q(z) = -g(z) + 12*r(z). Let n be q(5). Determine h(n).
-4
Let p(s) = -s**3 - 5*s**2 - 3*s - 4. Let k be -15 + 0 + -4 + 5. Let j = k - -10. Determine p(j).
-8
Let a(g) = -g**2 - g. Let t = -162 + 165. Give a(t).
-12
Let q(f) = f**2 + 3*f + 1. Let r(w) = w**2 - 12*w + 9. Let z be r(11). What is q(z)?
-1
Let r = 18 - 16. Let a(i) = -4*i - 2. Determine a(r).
-10
Let n(r) be the second derivative of -2*r**3/3 + r**2/2 + r. Let i be n(1). Let b(a) = 3*a**3 + 4*a**2 - 2*a**3 - 4 + 0 + 3*a. Give b(i).
-4
Let c(g) = g - 8. Let i be ((-6)/21 + 164/(-14))/(-2). Give c(i).
-2
Let p(l) = -2*l**3 + 6*l**2 + l - 3. Let y(c) = 5*c**3 - 17*c**2 - 3*c + 8. Let f(u) = 8*p(u) + 3*y(u). Determine f(-2).
-2
Let f(k) = -4*k**2 + k. Let u(g) = -23*g**2 + 6*g. Let d(h) = 34*f(h) - 6*u(h). Determine d(-2).
12
Let w(f) be the third derivative of f**6/120 + f**5/15 + f**4/6 + 2*f**3/3 + 9*f**2. Determine w(-3).
1
Let h(z) be the third derivative of 0*z + 3/2*z**3 - 1/24*z**4 - 3*z**2 + 0. Calculate h(4).
5
Let p = -36 + 37. Let y(m) = 0*m + 4 + 6*m + 4. Let c(v) = 4*v + 5. Let w(x) = -8*c(x) + 5*y(x). Determine w(p).
-2
Suppose -10*m = 19 + 1. Let l(g) = g**2 + g. Give l(m).
2
Let d(i) = -i**2 - 4*i + 6. Let q be -2*(-2 + 36/8). Calculate d(q).
1
Let m(n) = -3*n + 7. Let c(p) = -5*p + 10. Let g(d) = -5*c(d) + 7*m(d). Give g(-2).
-9
Let t(q) = 8*q**2 - 2*q + 3. Let m(y) = 15*y**2 - 4*y + 5. Let u(n) = -6*m(n) + 11*t(n). Give u(-2).
-9
Let r be 120/54 - 4/18. Suppose r*d - f - 1 + 0 = 0, -4*d - 3*f - 23 = 0. Let k(i) = -2*i**3 - 2*i**2 + i - 1. Determine k(d).
5
Let y = -35 - -35. Let h(g) = g**2 - g - 6. Calculate h(y).
-6
Suppose -4*f = a + 17, 3*f + 0*a + 3 = -4*a. Let h(r) = -6 + 22*r**3 + 10 - 38*r**3 + 17*r**3 + 5*r**2. Determine h(f).
4
Let d(i) = i - 2*i - 1 + 6. Let f be d(8). Let h(y) = y + 6. What is h(f)?
3
Suppose -2*y + 16 - 4 = 0. Let v(x) = -x**3 + 6*x**2 + 4. What is v(y)?
4
Let a(k) = -k**3 - 9*k**2 - 2*k - 5. Let z(c) = c**3 + 8*c**2 + 2*c + 6. Let i(o) = -2*a(o) - 3*z(o). What is i(-6)?
4
Let k(j) = j**3 - 28 - j + 0*j**3 + 3*j**2 + 27. Let t = -11 + 8. Determine k(t).
2
Let r(w) = 119*w + 115*w - 236*w. Let k = -3 - -5. Let x = k + -3. Give r(x).
2
Let n(c) = -c**2 + 14*c + 49. Let s be n(17). Let f(v) = 2*v**2 + 2*v - 1. Calculate f(s).
3
Let k be (-5)/(-2 + 2/2). Let f(q) = -7*q**2 + 7*q - 5. Let z(v) = 11*v**2 - 10*v + 7. Let o(r) = -8*f(r) - 5*z(r). Determine o(k).
0
Let b(a) be the first derivative of -a**2/2 + 5*a - 2. Let y be 6/(-15) + (-54)/(-10). Let k be b(y). Let l(i) = i**2 + i - 5. Determine l(k).
-5
Let z be (2/3 + 1/3)*0. Let j be (0 - (0 + -2))*2. Let l(f) = 4*f**2 + 3 + f**3 - j*f**2. Calculate l(z).
3
Let a(g) = -7*g**2 + 3*g + 4*g - 6 + 6*g**2. What is a(5)?
4
Let s(g) = g**3 + 2*g**2 + 3. Let w = -49 - -46. What is s(w)?
-6
Let z be ((-14)/35)/((-2)/(-10)). Let i be (-4 - z) + (-2)/1. Let v(l) = -l**2 - l + 1. Calculate v(i).
-11
Let j(g) be the first derivative of g**2 - 1. Let i be j(2). Let b(w) = 5 - 3 - 2*w + 1. What is b(i)?
-5
Let w = 11 - 21. Let n(j) = j**3 + 11*j**2 + 11*j + 12. Let u be n(w). Let r(v) = u + v + 0*v + 0*v - 5. Calculate r(4).
1
Let b = 8 - 2. Let w(f) = 3*f**2 - 5 - b*f - 4*f**2 + 3*f. What is w(-4)?
-9
Let i(t) = -t**3 + 3*t**2 + 2. Let q be i(3). Let v(b) = -26*b + 29*b - 1 + 3. Give v(q).
8
Suppose x - 4*x + 3 = 0. Let a(d) be the second derivative of -1/3*d**3 + 0 + 1/2*d**2 + d. Calculate a(x).
-1
Let f(o) = -4*o + 22. Let z be f(5). Let y(t) = -t**2 + 5*t - 2. Let g be y(4). Let w(r) = 6*r - 4 - r**2 + 2 + g*r**z - 5. Calculate w(-6).
-7
Let n(g) = g. Let k be n(1). Let s(a) be the third derivative of -a**2 + 0 + 0*a**3 + 0*a - 1/24*a**4 - 1/15*a**5. Give s(k).
-5
Let n be (-3)/(-2) - (-2)/4. Let p(h) be the first derivative of h**4/2 - h**3 + 2*h + 2. Give p(n).
6
Suppose 0*h = -h - 4, 2*n + 12 = -5*h. Let x be -2 - (0 + -1)*n. Let g(u) = -u**3 + 3*u + 0*u + 3*u**2 - 5*u. Calculate g(x).
0
Let f(w) = w**2 + 9*w + 12. Let z be (-3 - (-68)/12)*(-2 - 1). Determine f(z).
4
Let l(t) be the first derivative of t**3/3 + 3*t**2 - 2*t + 9. Calculate l(-5).
-7
Let n(c) = c**2 + 4*c - 3. Let r be -2 + (-2 - 1)/3. What is n(r)?
-6
Let b(z) = 29*z. Let y(q) = -19*q - 5. Let t(k) = 9*k + 2. Let p(l) = -5*t(l) - 2*y(l). Let v(g) = 2*b(g) + 9*p(g). Calculate v(-1).
5
Let j(a) = 0*a**2 - a**3 + 6*a**2 + 17*a - 21*a - 2 + 0*a**2. Let c = 13 + -8. Give j(c).
3
Let j be (-166)/(-10) + 2/5. Suppose 4*k - 28 = -4*p, -k - p + j = 2*p. Let n(g) = 2*g + g - 2*g + g**2 - k*g**2. What is n(0)?
0
Let k(b) = -b**3 - b**2 + 2*b. Let m(i) = -3*i. Let y be m(1). Let s be y/3*(-4)/2. What is k(s)?
-8
Let b(t) = -t**2 + 2*t - 2. Suppose 4*v + 2*r - 16 = 2*v, -4*v - 5*r + 32 = 0. Suppose 4*p = 4*s - v, -4*s + 6 + 7 = p. Suppose i - 1 - p = 0. Give b(i).
-2
Let t = -1 - -3. Let r(s) = -6*s**2 - s**2 - s + 0*s**t + 2*s. Give r(-1).
-8
Let c(p) = p + 1 + 2 - 1. Let z(w) = -2*w**2 + 10*w - 12. Let j be z(2). Calculate c(j).
2
Let n(t) = t + 2. Let d be n(-3). Let p = 1 + d. Let u(m) be the first derivative of -m**2/2 - 20. Give u(p).
0
Let z(o) = 8*o + 0*o**3 - o**3 + 6*o**2 - 12 + 17. Give z(7).
12
Suppose 3*d - 10 = -2*d. Let h be (-2)/(d - 1 - -1). Let b(l) = 4*l - l - 4*l. Determine b(h).
1
Let r(u) = -4*u**3 - 3*u - 4. Let b(z) = -5*z**3 - z**2 - 4*z - 5. Let d(x) = 3*b(x) - 4*r(x). Let q be d(2). Let g(y) = 2 - 3*y + 5 - 11. Calculate g(q).
5
Suppose -5*i - 5*p = -20, 0 = -2*i + 5*i - 2*p - 17. Let b(s) = 2*s**2 - 14*s + 7. Let d(u) = -3*u**2 + 21*u - 11. Let a(c) = -8*b(c) - 5*d(c). What is a(i)?
9
Let b(p) = 2 + 8*p + p**2 + 3 - 22*p + 10*p. Give b(4).
5
Let d(y) = -y - 4. Suppose -50*k = -57*k - 56. What is d(k)?
4
Let k(m) = -m**2 + 8*m - 5. Let x be 2/(-6)*(-24 + 1 - -2). What is k(x)?
2
Let b(h) = -h**3 + h**2 + h - 1. Let p be b(2). Let t = p - -4. Let u(r) = 4*r**2 - 2*r + 1. Calculate u(t).
3
Let g(j) = 4*j + 2. Let t(w) = -7*w - 3. Let c(d) = -10*g(d) - 6*t(d). Suppose l = 2*l - 3. Suppose -l = -4*s + 5. Calculate c(s).
2
Let i(p) = -p**3 + 7*p**2 + p + 1. Suppose -5*j + 55 = -4*s + 12, 3*j - 5*s - 31 = 0. Give i(j).
8
Let p(v) be the second derivative of 1/2*v**2 + 3/2*v**3 + 8*v + 0. Determine p(-1).
-8
Let u(y) = 3*y. Let q(k) = 4*k - 27. Let g be q(6). Calculate u(g).
-9
Let b(x) = 25*x + 0 - 7 - 28*x + 1. Calculate b(-4).
6
Let y(g) = -g**2 + 6*g + 2. Let r be y(6). Let t be (r - 3 - -2)*1. Let v(a) = -a**3 + a**2 + 2*a - 1. Calculate v(t).
1
Let c(p) be the first derivative of -1/4*p**4 - 5*p + 3/2*p**2 + 0*p**3 - 2. Let l(r) = -r**3 + r**2 + 4*r - 6. Let d(m) = -3*c(m) + 2*l(m). Calculate d(-3).
-3
Let p(r) = 3*r**2 + 6 + 2 - 6*r**2 + 2*r**2 + 9*r. Calculate p(10).
-2
Let r(c) be the second derivative of -9*c**5/20 + c**3/6 - c**2/2 - 7*c. Suppose 0 = -2*h + 2 - 0. Give r(h).
-9
Suppose -7 = -3*z - 19, -87 = 3*v - 3*z. Let d be 192/v - 4/22. Let a(p) = -18 - p**3 - 7*p**2 + 6*p + 20 + 2*p**2. Give a(d).
2
Let s(b) = 3*b**2 - 19*b - 23. Let t(m) = 5*m**2 - 29*m - 35. Let v(j) = 8*s(j) - 5*t(j). What is v(-6)?
-3
Let m(l) = l**3 - 4*l**2 + 3*l + 3. Suppose -3*t + 2 = -13. Let y(c) = -5*c - 1. Let x be y(-1). Suppose -x*q - 3 = -t*q. Determine m(q).
3
Let r(f) = -f**3 + 7*f**2 + 3*f - 1. Let t be r(7). Suppose 4*d - 2*z + t = -6*z, 5*d = 2*z - 32. Let y(b) = b**3 + 5*b**2 - 7*b + 3. Give y(d).
9
Let f(q) = 0 - 1 + q + q. Let w be ((-4)/8)/(9/54). Determine f(w).
-7
Let n(f) = -f**3 - 2*f**2 + 3*f + 3. Let y be n(-2). Let v(z) = -3*z - 4. Calculate v(y).
5
Let j(s) = s + 3*s - s - s + 7. Calculate j(-7).
-7
Let g(x) be the third derivative of -x**4/24 + 3*x**3/2 - x**2. Suppose 2*t = -2*m + 10, 3*t - 19 - 2 = 3*m. Determine g(t).
3
Let i(m) = m**3 + 0 - 4*m**3 + m**3 - 1. Let r be i(1). Let w(u) be the third derivative of -u**4/24 + u**2. What is w(r)?
3
Let z(i) = 2 - 3*i + 2 - 7. Let q = -31 - -34. Give z(q).
-12
Let u(x) = 3*x - 3. Let s = 1 - 3. Let t be 0*(s/4 + 1). Suppose 3*k - 15 + 6 = t. Calculate u(k).
6
Let m(j) be the second derivative 